 of p.
2, 3, 43
Let p(g) = 2*g**3 - 5*g**2 + 3*g + 2. Let u be ((-3 - -5)*-2)/(-2). List the prime factors of p(u).
2
Let r = -1546 - -2488. List the prime factors of r.
2, 3, 157
Suppose -4*v = -2*u - 10 - 0, 2*u - v = -13. Let p be -1*(u - -3) - -1. List the prime factors of (10/p)/((-2)/(-5)).
5
Suppose 4*w + 3*z + 326 = 0, 4*z - 90 = 3*w + 142. Let j = w + 148. What are the prime factors of j?
2, 17
Let o be 55 + (-8)/(-2) - -1. Let v = o - 90. Let i = v + 58. What are the prime factors of i?
2, 7
Let i = -146 + 172. Let a(m) = -m**2 + 5*m + 1. Let v be a(4). Suppose 2*t = 8, v*s + t + 7 = i. List the prime factors of s.
3
Let y(f) = f**3 - 5*f**2 + 6*f - 6. Let m be y(4). Suppose -4*i + m*n + 113 = i, 3*n = -12. What are the prime factors of i?
3, 7
Suppose 0 = -3*i + 4*u - 14, i - 5 = 6*i - 3*u. What are the prime factors of 1 - (-5*i - 2)?
13
Suppose 2*d - 7*d + 24 = -j, 12 = 2*d - j. Let l be (1 - (-31 + -1))*1. Let r = d + l. What are the prime factors of r?
37
Let q(t) = 8*t**2 - 7*t**2 - 4 + t**2 - t**3. Let c be q(5). Let k = -30 - c. What are the prime factors of k?
7
Suppose 5*a = -7*n + 5*n + 152, 0 = 2*a. What are the prime factors of n?
2, 19
Suppose 0 = 5*c + b - 707, b + 0*b = 2. What are the prime factors of c?
3, 47
Suppose 0 = -4*i + 7*i + 1491. Let s = -329 - i. What are the prime factors of s?
2, 3, 7
What are the prime factors of (-14 + 2)/(-3) - (-33 - -4)?
3, 11
Let o be (-32)/12*9/(-1). Let d = 24 - o. Suppose -3*k - 2*k + 80 = d. List the prime factors of k.
2
List the prime factors of -2 + (6 - 6) - (-693)/3.
229
Suppose -34 = -8*d - 114. Let g(m) = 2*m**3 + 22*m**2 + 15*m - 10. What are the prime factors of g(d)?
2, 5
Suppose 0 = -4*x + d + 16, 0*x + 3*d = -4*x. Suppose 3*s - 110 = -2*v, -s + 3*v - 80 = -x*s. Suppose -89 + s = -5*p. List the prime factors of p.
11
Let j(v) = -v**3 + 10*v**2 - 9*v - 8. Let m be j(8). List the prime factors of (m/120)/((-1)/(-260)).
2, 13
Suppose -5*k + 9 = -3*j, -4*j - 15 = j. Suppose 3*y = b + b - 225, 4*b - 5*y - 447 = k. Suppose 3*i = b + 54. What are the prime factors of i?
2, 3
Suppose 2*j + 1118 - 7411 = -3*s, -15764 = -5*j + 3*s. What are the prime factors of j?
23, 137
Let q(z) = 52*z**2 + 1. Let a be q(-1). Let m = a - 28. Let h = 50 - m. List the prime factors of h.
5
Suppose 0 = 3*l + 2*n + 11, 3 = -0*l - 2*l + 3*n. Let t be (-9)/l*-1*12. List the prime factors of 73/4 - (-9)/t.
2, 3
What are the prime factors of (-16724)/(-28) + (2 - (-48)/(-21))?
3, 199
Let z = 79 + -77. Let m be 1/(-2) - 225/(-6). Suppose z*o - o = m. List the prime factors of o.
37
Let r be 2/8 + (-740)/16. Let x = 171 - 197. Let d = x - r. What are the prime factors of d?
2, 5
Suppose 0 = 4*i + 4*w + 8, -3*i = -2*w + w + 14. Let a be (-3)/(-4) + (-81)/i. List the prime factors of 35/a + 2/6.
2
Let l(a) = -715*a**3 - a**2 - 2*a - 1. What are the prime factors of l(-1)?
5, 11, 13
Let u be (1/(-1))/1 - 2. Suppose -8 = -9*j + 8*j. Let q = j - u. What are the prime factors of q?
11
Suppose 5*g + 7 = -3*j, 3*j + 1 = 5*g + 4*j. Let v(p) be the third derivative of p**5/10 - 2*p**2. What are the prime factors of v(g)?
2, 3
Suppose 4*g - 74 - 586 = -m, 2*m = -2*g + 330. Suppose g = -n + 4*n. What are the prime factors of n?
5, 11
Let c = 519 - 343. Suppose q - 27 = c. Suppose 6*l - 79 - q = 0. List the prime factors of l.
47
Let f = -1210 - -2309. What are the prime factors of f?
7, 157
Let g(p) = p**2 - 20*p - 49. What are the prime factors of g(26)?
107
Let u(t) = -t**3 - t**2 + 8*t - 1. Let f be u(-4). List the prime factors of (f/10)/((-3)/(-146)).
73
Let z = 65 + -61. Suppose 3*p - 208 = -z*q, 3*p - 370 = -2*p + 5*q. What are the prime factors of p?
2, 3
Let h(g) = -g**2 + 4. Let n be h(0). Suppose 3*l - n = -10. Let t = 1 - l. List the prime factors of t.
3
Let n = -23 - -23. Suppose -y + 42 = -2*s, 6 = 2*s - n*s. What are the prime factors of y?
2, 3
List the prime factors of (2547/21 - -7) + 4/(-14).
2
Suppose -y - g + 5 = 0, 3*g + 0 - 3 = y. Suppose 5*q = 3*l + 73, 6*l - 5*l + 43 = -y*q. Let k = -11 - l. What are the prime factors of k?
2, 5
Let f(h) = 64*h + 74. List the prime factors of f(8).
2, 293
Let l = -2366 - -3524. What are the prime factors of l?
2, 3, 193
Let z(m) = -m**3 - 13*m**2 - 11*m + 10. Let y be z(-12). Let r = y - -2. Let d = 13 + r. What are the prime factors of d?
13
Let n(k) = k - 1. Let p be n(3). Let m(z) = 4 + 3 - 4 - 4*z**2 + 2*z - p*z**3 - 4*z. List the prime factors of m(-3).
3
Let w(k) = -k**3 - 11*k**2 - 18*k - 10. Let n be w(-9). What are the prime factors of ((-206)/6 - -1)*15/n?
2, 5
Let u be (3/10)/((-18)/(-30))*48. What are the prime factors of 8/((-71)/(-102) + u/(-36))?
2, 17
Suppose 5*y = -4*x + 6*y + 22254, 4*x + y - 22258 = 0. List the prime factors of x.
2, 13, 107
Suppose 10*j + 160 = 5*j. Let c be 8/j + (-46)/8. Let f = 14 - c. List the prime factors of f.
2, 5
List the prime factors of ((-1404)/126)/((-1)/105).
2, 3, 5, 13
Suppose 4*o - 16 = -4*v, 0*v + o + 2 = 2*v. Suppose 0 = v*x - 4*x + 12. Suppose -x*u + 7*u = 2. List the prime factors of u.
2
Let t be (2 - 5) + (12/3 - 2). What are the prime factors of (-5565)/(-42) + ((-1)/2 - t)?
7, 19
Let z = 369 + 487. What are the prime factors of z?
2, 107
List the prime factors of -1 + 2515 - (-4 + 0/1).
2, 1259
Let z(f) = f**2 - 75*f + 32. List the prime factors of z(-32).
2, 3
Suppose 5*a + v = -v + 758, 4*a - 603 = -5*v. Suppose 4*s = -4*n + a, -s - 4*n = -2*s + 58. Let q = 73 - s. List the prime factors of q.
31
Suppose k + 76 = 286. Suppose -g + k = 4*g. List the prime factors of g.
2, 3, 7
Let c = 1718 + -697. List the prime factors of c.
1021
Let v = 1157 - -1112. What are the prime factors of v?
2269
Let j = 864 - -60. What are the prime factors of j?
2, 3, 7, 11
Suppose 0 = -5*n - 2*n + 224. Suppose 120 + 21 = 3*h - 3*b, -n = -h + 4*b. List the prime factors of h.
2, 13
What are the prime factors of ((-1302)/7)/(((-17)/(-12))/(-17))?
2, 3, 31
Suppose 14*a - 612 + 2264 = 0. Let y = -85 - a. What are the prime factors of y?
3, 11
Let z(l) = -l + 2. Let r be z(12). Let a = 14 - r. Suppose -a = -3*h + 2*h. List the prime factors of h.
2, 3
Let t = 5 - 1. Suppose -t*s + 11 = -409. List the prime factors of s.
3, 5, 7
Suppose 17*m = 16*m + 4. Suppose -m*s + 90 = b, -s + 425 = 4*b + 2*s. What are the prime factors of b?
2, 5, 11
Let i = 62 - 44. Suppose 0 = 5*v - g + 3*g - 48, 0 = v - 2*g. Let m = v + i. List the prime factors of m.
2, 13
Suppose 15*a - 2*a = 10621. List the prime factors of a.
19, 43
Let d = 77 - 74. Suppose 0 = 5*o + d*w - 383, 0 = 4*o + 4*w - 5 - 303. List the prime factors of o.
2, 19
Let j be (-9)/(-2) + 12/8. Let v = j - -6. Suppose 4*q = v + 16. List the prime factors of q.
7
What are the prime factors of 3/2*(566016/(-36))/(-16)?
2, 11, 67
Let w(z) = 16*z**2 - 1. Let m be w(-2). Let v be 6/27 + 112/m. Suppose 0 = -g - v + 5. List the prime factors of g.
3
Let g = 70 - 68. Suppose 3*t = -4*z + g*t + 468, 3*t - 585 = -5*z. List the prime factors of z.
3, 13
Let u = 1776 - 1329. List the prime factors of u.
3, 149
Let y(b) be the third derivative of b**4/8 - 13*b**3/6 - 4*b**2. Suppose -n = n - 24. List the prime factors of y(n).
23
Suppose 862 + 6101 = 33*y. What are the prime factors of y?
211
Suppose 0 = 3*j + 8 - 29. Let g(u) = -3*u - 8*u + 0 - j + u. What are the prime factors of g(-3)?
23
Let w = -13 + 15. Let n be -1 - ((-105)/(-3) - w). Let p = 66 + n. What are the prime factors of p?
2
Let m(r) = 72*r - 42. Let j be m(7). Suppose -11*g + 220 = -j. What are the prime factors of g?
2, 31
Let d = -56 + 526. Suppose -6*p + d = 74. List the prime factors of p.
2, 3, 11
List the prime factors of (6 - 4)*6872/16.
859
Let q = 8 - 2. Suppose -49 = -7*f + q*f. What are the prime factors of f?
7
Let s(k) = k**2 + 8*k + 15. Let w be s(-6). Suppose -w*v - 93 + 732 = 0. List the prime factors of v.
3, 71
Let h(i) = i**3 + 3*i**2 + 2*i + 1. Let d be h(-3). Let j(b) = -2*b + 7. Let v(a) = 2*a - 7. Let o(q) = d*v(q) - 4*j(q). List the prime factors of o(-8).
23
Let a = 125 - 122. Suppose -a*c + 536 = c. List the prime factors of c.
2, 67
Let b be (39/(-65))/(2 - 471/235). Suppose -4*a + b = 1. What are the prime factors of a?
5, 7
Suppose 30*b = 36*b - 1806. What are the prime factors of b